1900 and 19076.
76
Calculate the greatest common factor of 176775061 and 10744.
1343
Calculate the highest common divisor of 440 and 117499536.
88
What is the highest common factor of 3725 and 1392703?
149
Calculate the greatest common factor of 872 and 45518836.
436
Calculate the greatest common factor of 23123013 and 141.
141
What is the highest common factor of 39 and 4472650?
13
Calculate the highest common factor of 21442694 and 39.
13
Calculate the greatest common divisor of 2512 and 8054.
2
What is the greatest common factor of 18966115 and 7?
7
Calculate the greatest common divisor of 75957140 and 140.
140
What is the highest common divisor of 86543533 and 568?
71
Calculate the highest common divisor of 5357504 and 6499.
97
What is the greatest common factor of 39 and 53386242?
39
Calculate the greatest common factor of 1805 and 124630595.
95
Calculate the greatest common factor of 4125604 and 93217.
3007
What is the greatest common factor of 1284259 and 1577?
83
Calculate the highest common divisor of 2701325 and 27225.
3025
Calculate the highest common divisor of 2193 and 197946759.
2193
Calculate the greatest common factor of 11940696 and 3078.
162
Calculate the greatest common factor of 330512472 and 792.
72
What is the highest common divisor of 6740 and 226?
2
Calculate the greatest common divisor of 189580 and 3420.
20
Calculate the greatest common factor of 93 and 87949635.
93
Calculate the greatest common factor of 2799654 and 221.
13
Calculate the highest common divisor of 818229877 and 37.
37
Calculate the greatest common factor of 2679 and 505203.
141
Calculate the greatest common factor of 707514 and 888.
222
Calculate the highest common factor of 435 and 19847049.
87
Calculate the greatest common divisor of 232573859 and 6146.
3073
Calculate the greatest common factor of 1216 and 24884032.
64
Calculate the greatest common factor of 92 and 427583.
1
What is the highest common divisor of 1690 and 244088000?
130
What is the greatest common divisor of 44649390 and 201930?
3810
Calculate the greatest common factor of 1350 and 17278650.
1350
Calculate the highest common factor of 479381 and 3983.
7
What is the highest common factor of 2426 and 224058082?
2426
What is the greatest common divisor of 202922 and 7578?
842
Calculate the highest common factor of 4084 and 78582286.
2042
What is the highest common factor of 6048 and 67263?
21
What is the greatest common factor of 294286 and 11567?
269
What is the greatest common divisor of 15367 and 6488746?
121
Calculate the greatest common factor of 9887229 and 396.
99
What is the highest common divisor of 73475996 and 154?
22
Calculate the greatest common divisor of 114615872 and 3200.
64
What is the highest common factor of 39096 and 3936750?
1086
Calculate the greatest common factor of 1444722 and 49134.
114
Calculate the highest common divisor of 181 and 154373.
1
What is the greatest common factor of 7073472 and 294?
42
Calculate the highest common factor of 3841 and 15794693.
167
What is the greatest common divisor of 1883712 and 5496?
24
What is the highest common factor of 82419758 and 164?
82
Calculate the greatest common divisor of 294 and 186842796.
42
What is the greatest common factor of 124 and 3443821?
31
Calculate the greatest common divisor of 270810 and 596490.
1770
Calculate the greatest common factor of 305677857 and 6531.
933
Calculate the highest common factor of 24862 and 297943.
401
Calculate the greatest common divisor of 660 and 153714660.
660
Calculate the highest common divisor of 6773088 and 7392.
672
What is the greatest common factor of 23920 and 278576?
368
What is the greatest common divisor of 16490375 and 37411?
1969
What is the greatest common factor of 89142 and 46812?
498
What is the highest common divisor of 154 and 2448523?
77
What is the greatest common divisor of 25252875 and 30?
15
What is the highest common divisor of 251356 and 782033?
329
What is the highest common divisor of 6328092 and 4464?
372
Calculate the greatest common factor of 129864668 and 812.
116
What is the greatest common factor of 700147104 and 16?
16
Calculate the greatest common divisor of 1914 and 24461877.
957
What is the greatest common factor of 5853302 and 807534?
5278
Calculate the highest common divisor of 10783960 and 26.
2
Calculate the greatest common divisor of 256122 and 33728.
1054
Calculate the highest common factor of 3162723 and 111.
111
Calculate the greatest common factor of 177 and 9560360.
59
What is the highest common factor of 1640 and 24145105?
205
What is the greatest common divisor of 22304 and 90569?
41
What is the greatest common factor of 1400 and 383245800?
1400
Calculate the highest common divisor of 103728 and 1308.
12
What is the greatest common divisor of 1006518 and 111684?
1362
Calculate the highest common divisor of 94 and 1713526.
94
Calculate the greatest common factor of 106552970 and 370.
370
Calculate the highest common divisor of 99 and 19360869.
33
Calculate the greatest common factor of 357173 and 194951.
1423
What is the highest common factor of 251896 and 115?
23
What is the greatest common divisor of 6 and 7121494?
2
Calculate the greatest common factor of 290 and 8230330.
10
What is the highest common factor of 213050 and 1150?
50
Calculate the greatest common divisor of 12869948 and 11648.
364
What is the greatest common divisor of 3983688 and 30?
6
Calculate the highest common factor of 50 and 21346175.
25
Calculate the greatest common divisor of 16563032 and 153.
17
Calculate the highest common factor of 7415 and 52410.
5
What is the highest common divisor of 5138 and 1308170766?
5138
What is the greatest common divisor of 7 and 2186850617?
7
What is the greatest common divisor of 7260 and 951534320?
2420
Calculate the greatest common factor of 3704 and 55864.
8
Calculate the greatest common factor of 140 and 57338485.
5
Calculate the highest common divisor of 26086497 and 519.
519
Calculate the highest common factor of 652120 and 4549496.
7672
Calculate the greatest common factor of 367875 and 3052.
109
Calculate the greatest common divisor of 351496 and 194616.
424
What is the greatest common factor of 102780 and 980?
20
Calculate the highest common divisor of 14862 and 9474.
6
Calculate the greatest common divisor of 124 and 3723596.
124
Calculate the highest common divisor of 16894719 and 193545.
3519
What is the greatest common factor of 107 and 192729149?
107
Calculate the greatest common factor of 67330 and 6190.
10
What is the greatest common factor of 2025 and 3645?
405
Calculate the highest common factor of 2345 and 261260.
5
What is the highest common factor of 62886174 and 390?
78
Calculate the highest common factor of 24696 and 11112.
24
What is the highest common divisor of 174099 and 36811?
131
Calculate the greatest common factor of 3718 and 16585322.
338
Calculate the highest common factor of 6 and 8365232.
2
What is the highest common divisor of 3448 and 33383967?
431
What is the highest common factor of 165472 and 33782143?
5171
What is the highest common factor of 801391 and 1849?
43
What is the greatest common divisor of 56801 and 23147?
79
What is the greatest common factor of 22035 and 460560?
15
Calculate the highest common divisor of 205173254 and 52130.
10426
What is the highest common divisor of 3267 and 14006355?
363
What is the highest common factor of 11594 and 21328?
62
What is the highest common factor of 511129 and 85767?
23
What is the greatest common divisor of 32625 and 430041?
87
Calculate the greatest common factor of 6667952 and 982418.
2402
What is the greatest common divisor of 6408 and 4778499?
267
Calculate the greatest common factor of 1377588 and 12.
12
Calculate the highest common factor of 340 and 6055570.
170
Calculate the highest common divisor of 1243248 and 23267.
439
Calculate the greatest common factor of 6520 and 61988900.
3260
Calculate the greatest common factor of 741853 and 5872531.
5663
Calculate the greatest common divisor of 282775779 and 6318.
1053
What is the highest common divisor of 146789097 and 78?
39
What is the greatest common factor of 868376 and 256?
8
Calculate the highest common factor of 40 and 3710090.
10
What is the highest common factor of 2